k.
35
Let v(o) = -2*o + 10. Let p be v(2). Suppose 5*q = p*q - 41. Suppose -q + 13 = -y. Calculate the remainder when y is divided by 10.
8
Let q be 2/(-5) - 4092/20 - 4. Let t = q - -307. Calculate the remainder when t is divided by 50.
48
Let k be 2 + ((-4)/(-6))/(31/186). Suppose 0 = k*y + 38 - 122. Calculate the remainder when 39 is divided by y.
11
Suppose r - 2*c = 8, -2*r - 4 - 8 = 3*c. Suppose -q + 59 = 4*g + g, g + 2*q - 19 = r. Calculate the remainder when g is divided by 5.
1
Suppose -2*l = -5*x - 11, -3*x = -2*l + 6 + 11. Suppose j + l = 48. Suppose 2*w + 4*m = 40, 5*w - 67 = 3*m - 19. What is the remainder when j is divided by w?
11
Suppose 94 = -5*d + 454. Let b be (1269/(-2))/(-9)*(-4)/(-6). Suppose 10 = 3*y - b. Calculate the remainder when d is divided by y.
15
Let g = 5754 - 5564. Calculate the remainder when g is divided by 50.
40
Let a(t) = -23*t**3 + t**2 + 51*t + 51. Calculate the remainder when 95 is divided by a(-1).
23
Suppose -118*q + 2412 + 2036 + 1688 = 0. Let x = 248 - 148. What is the remainder when x is divided by q?
48
Let w = 126 - 95. Let d(l) = 4*l**3 - 3*l**2 + 3*l - 2. Let s be d(2). Suppose s = 9*p - 6*p. Calculate the remainder when w is divided by p.
7
Let d = 234 + -126. Suppose -2*q - q = -3*w - d, 2*q - 5*w - 87 = 0. Let h(i) = 106*i - 58. Calculate the remainder when h(2) is divided by q.
30
What is the remainder when (74/10 - 2/5) + 49100/50 is divided by 315?
44
Suppose -4*c = -2*h - 281 - 27, -4 = h. What is the remainder when 432 is divided by c?
57
Let b = -5325 - -5355. Calculate the remainder when 565 is divided by b.
25
Let h(m) = 35*m - 240. Let z be h(7). Suppose -2*u + 2 = 5*s - z, -5*u + 29 = s. What is the remainder when u is divided by 5?
1
Let i(s) = 932*s**2 + 4663*s + 16. Calculate the remainder when 1763 is divided by i(-5).
0
Suppose -4069 - 7541 + 3060 = -25*k. Calculate the remainder when k is divided by 248.
94
What is the remainder when (-7072)/(-7) + -16*16/896 is divided by 204?
194
Let u be 14/(-3)*24/(-28) + -13. Calculate the remainder when 365/5 + (u - -2) is divided by 37.
29
Let n = -231 - -241. Suppose 0 = -3*o + h + 28, -o - o + 16 = -2*h. Suppose -5*a + 0*a = -o, 4*a - 25 = -w. What is the remainder when w is divided by n?
7
Let z(i) = 10*i - 25. Let b be z(0). Calculate the remainder when 20/(-6)*690/b is divided by 40.
12
Suppose -3*y - 4*q = -85, -y + 10*q - 15*q + 10 = 0. Let o(c) = -10*c - 122. What is the remainder when o(-25) is divided by y?
23
Suppose -k = -4*b + 26, -5*b + 3*k - 4 = -33. Suppose -2*l - 165 = -b*l. Let c = l + -19. Calculate the remainder when 55 is divided by c.
13
Let p(m) be the first derivative of m**3/3 - 15*m**2/2 + 39*m + 9. Let x = 393 + -372. Calculate the remainder when x is divided by p(13).
8
Let p(m) = 122*m - 205. What is the remainder when 222 is divided by p(2)?
27
Let a = -1529 - -1618. Calculate the remainder when 711 is divided by a.
88
Suppose 0 = p + 7*p - 3160. Suppose 60 = -392*m + p*m. Calculate the remainder when 115 is divided by m.
15
Let d be (-1 - (-8)/12)*33. Let f(p) = -5*p. Suppose 5*t - m - 78 = -5*m, -4*t - 5*m + 66 = 0. What is the remainder when f(d) is divided by t?
13
Suppose 0 = -x + 58 + 115. Calculate the remainder when x is divided by 93.
80
Suppose -46*a + 5*o - 60 = -51*a, -4*a + 64 = -4*o. Calculate the remainder when 1761 is divided by a.
11
Let q = 214 - 207. What is the remainder when 127 is divided by ((-32)/(-10))/(66/(-10) + q)?
7
Suppose 4*t = -2*s + 6438, 526*t - 528*t = -5*s + 16131. Calculate the remainder when s is divided by 19.
14
Suppose 0 = -4*k - 0*j - 2*j - 54, 5*k + j + 60 = 0. Let a = -37 - -27. Calculate the remainder when 103 is divided by (a/(-4))/(k/(-66)).
13
Let h(o) = 309*o - 11892. Calculate the remainder when h(42) is divided by 98.
8
Suppose 88*y = 8524 + 27732. What is the remainder when y is divided by 28?
20
Suppose -200 = -5*m - 4*s + 751, -4*s = -3*m + 545. Let g(y) = -2*y**3 - 12*y**2 - 33*y - 134. What is the remainder when m is divided by g(-6)?
59
Suppose 3*q - 2 + 11 = 0, -2*i + 3*q = -183. Suppose 5*h + 81 - 21 = 0. What is the remainder when i is divided by 3 - (h/(-4) + -4)*27?
27
Let c = -91 + 140. Let y = c + -39. Calculate the remainder when 33 is divided by y.
3
Let t(f) = -12*f - 46. Let s(a) = -8*a - 30. Let v(d) = -8*s(d) + 5*t(d). Let c = 88 + -55. What is the remainder when c is divided by v(-1)?
3
Let n(s) = -5*s**2 - 258*s + 62. Calculate the remainder when n(-51) is divided by 114.
101
Suppose -4*x + 22 = 2*q, 8*q = 5*q + 3*x + 69. Calculate the remainder when 150 is divided by q.
17
Let x(t) = -101*t**2 + 3*t + 3. Let k be x(-1). Let v = 113 + k. What is the remainder when ((-159)/(-9) + 0)/(4/v) is divided by 27?
26
Let y = -245 + 348. Let c = y - 97. Let l(p) = p**3 + 8*p**2 - 4*p - 4. Calculate the remainder when l(-8) is divided by c.
4
Suppose -4*j + 102 = -2*h, 115 = 9*j - 4*j - 5*h. Let t = 79 - j. Calculate the remainder when t is divided by 346/18 - (-2)/(-9).
13
Let o(b) = -14*b - 29. Let i = 66 - 64. Let z be i/(-5) + 3/15*-23. Calculate the remainder when o(z) is divided by 4.
1
Suppose 0 = 46*v - 37*v - 72. What is the remainder when 277 is divided by v/(-12) - (-2074)/51?
37
Let i(a) = -a**2 - 5*a - 5. Let p be i(-4). Let j = 30791 - 30763. What is the remainder when 15/((-1)/7*p) is divided by j?
21
Let t(y) = 6*y - 8. Let g be t(6). Let p(v) = -6 + 2*v**2 + g*v - 37*v + 2 + 2. Calculate the remainder when 8 is divided by p(5).
2
Suppose 0 = -i + 2*y + 482, -36*i + 39*i - 1462 = 2*y. Calculate the remainder when i is divided by 12.
10
Let o = -63 + 23. Let a = o - -49. Calculate the remainder when 200/a + 5/((-45)/2) is divided by 6.
4
Let n = -122 + 185. Let k = 64 - n. What is the remainder when 91 is divided by (-10)/(-5) + 29/k?
29
Let q(z) = z**3 - 7*z**2 - 5*z + 10. Suppose -18 + 2 = -2*p. What is the remainder when 236 is divided by q(p)?
32
Suppose -18*n - 22*n + 244 = 21*n. Suppose -4*p = -195 - 57. What is the remainder when p is divided by n?
3
Calculate the remainder when ((-576)/42)/(-16) - 3*(-130)/35 is divided by (-2)/3 - 17/(-3).
2
Calculate the remainder when 6/(-4) - 1/2 - -1647 is divided by 110.
105
Suppose 3*t = 5*w + 56, -6*w + 20 = -2*w. Let x(d) = -d**3 - 10*d**2 - 3668*d - 40254. Calculate the remainder when x(-11) is divided by t.
26
What is the remainder when 897 is divided by 385/(30/6) + (0 - (4 + -2))?
72
Suppose 4665 = 4*y - 5*l, -122*y + 127*y - 4*l - 5847 = 0. What is the remainder when y is divided by 237?
227
Let u(o) = o**3 + 42*o**2 - 33*o + 505. What is the remainder when 296 is divided by u(-43)?
71
Let u = 22402 - 22296. Calculate the remainder when 853 is divided by u.
5
Let n(g) = 15*g**2 + 197*g - 766. What is the remainder when n(4) is divided by 60?
22
Let q be (12*2)/(-4) - (-21)/7. Calculate the remainder when (2622/(-9) - -3)*(0 + q) is divided by 17.
15
Let c(l) = 5*l + 16. Suppose 22*y + 7*y = 4*y. Calculate the remainder when 111 is divided by c(y).
15
Let o = 290 - 220. Suppose 5*x + y = 91, -3*y = x + 8 - 29. What is the remainder when o is divided by x?
16
What is the remainder when 1942 is divided by ((4/3)/(136 - 140))/((-2)/1674)?
268
Let b(q) be the second derivative of -q**3/2 - 23*q. Suppose 10 = 4*h - 2. What is the remainder when b(-3) is divided by h?
0
Let n be (-2)/6*(-7 + 1). Let k(o) = 14*o + 19*o**3 - 16*o**3 + 5 + n*o**2 - 3 - 11*o**3. What is the remainder when k(-3) is divided by 50?
44
Suppose 2317 = 3*l - 5*z, 6 = -2*z - 4. Let p = l + -740. What is the remainder when p is divided by 11?
2
Let s = -13338 - -13523. Calculate the remainder when 366 is divided by s.
181
Calculate the remainder when 775 is divided by (5/10)/1*92.
39
Let z(r) = -r**2 - 4*r + 6. Let h = 14 - 10. Suppose -4*c + 68 = 4*d - 36, -h*c + 4*d + 80 = 0. What is the remainder when c is divided by z(-4)?
5
Let x(v) = 225*v + 227*v + 25 - 453*v. Calculate the remainder when 126 is divided by x(5).
6
Let y be (-104 - 4)/(-4) - 7. Calculate the remainder when 17 is divided by 11 - (-7)/(-28)*y.
5
Suppose 0 = -12*a + 9*a + 246. Let m(x) = 6*x - 117. What is the remainder when a*(4 + (-10)/4) is divided by m(23)?
18
Let s be 6 - ((-6)/14)/(6/(-42)). Suppose s*w + 8*w + 0*w = 0. What is th